-2022202?
2010122
In base 3, what is 1 - 1000002102112?
-1000002102111
In base 14, what is 2a - 1d7b?
-1d51
In base 13, what is -1a + a06?
9b9
In base 15, what is -90 - 13d1?
-1471
In base 15, what is 1a0b - d?
19ed
In base 16, what is 7b36 - -5?
7b3b
In base 4, what is -1003120110 + 11?
-1003120033
In base 6, what is -4253 + 5?
-4244
In base 9, what is 264 - 33771?
-33506
In base 9, what is -2 + 2388?
2386
In base 3, what is 101201102 + 0?
101201102
In base 11, what is -38360 + -13?
-38373
In base 13, what is -1328 + 6?
-1322
In base 12, what is 5 - -26190?
26195
In base 12, what is -169 + 18a48?
1889b
In base 3, what is -122221212 - 22?
-122222011
In base 15, what is 4b + 4e6?
542
In base 5, what is 0 - -330121?
330121
In base 8, what is -4 - -103024?
103020
In base 6, what is 3 + 10051?
10054
In base 16, what is 0 - -8ec3?
8ec3
In base 11, what is 295331 - 3?
295329
In base 12, what is 24b23 + 10?
24b33
In base 3, what is 2001 + 10120?
12121
In base 11, what is 29 + 3444?
3472
In base 5, what is -211 - 102431?
-103142
In base 13, what is 11 - -1bc?
200
In base 5, what is 114330 + 201?
120031
In base 12, what is 610 - 332?
29a
In base 15, what is 2c5da - 2?
2c5d8
In base 12, what is -45 - 99a?
-a23
In base 2, what is -1110100101 - 111001?
-1111011110
In base 16, what is 17cb + -9?
17c2
In base 2, what is -110 - 100010101111?
-100010110101
In base 6, what is 3 + -434353?
-434350
In base 8, what is 12435 + -21?
12414
In base 3, what is 2202000 + -100221?
2101002
In base 10, what is -1111 - -436?
-675
In base 14, what is 1c6 + 2?
1c8
In base 8, what is -12254 + -341?
-12615
In base 12, what is 361 + 73?
414
In base 12, what is 1 - -37b15?
37b16
In base 8, what is -16 + 7277?
7261
In base 5, what is -3143 + -1023?
-4221
In base 10, what is -35 + 37?
2
In base 4, what is 11 + 10001022310?
10001022321
In base 12, what is 176 + 140a8?
14262
In base 15, what is -410e - 25?
-4134
In base 6, what is 0 - -10143023?
10143023
In base 4, what is 1 - 12323232?
-12323231
In base 2, what is -11101 - -10010101001001011?
10010101000101110
In base 14, what is -15 - 7390?
-73a5
In base 15, what is -4b2 + -69?
-52b
In base 11, what is 200821 - -2?
200823
In base 9, what is -4067 + 0?
-4067
In base 16, what is -343 - -32b?
-18
In base 5, what is 124 + 200040?
200214
In base 9, what is -325 - -4088?
3663
In base 16, what is -5 - -4665?
4660
In base 5, what is -1 + 14011241?
14011240
In base 3, what is 200100222 + -1211?
200022011
In base 7, what is 0 + -35045?
-35045
In base 8, what is 410 - -1173?
1603
In base 16, what is 4 + -1e231?
-1e22d
In base 9, what is 3280 - 36?
3243
In base 7, what is -11254 + -4?
-11261
In base 5, what is -134 + 210?
21
In base 11, what is -82a + -265?
-a94
In base 5, what is -4313 + -1244?
-11112
In base 13, what is -3 + -4442?
-4445
In base 7, what is -5 - -111166?
111161
In base 16, what is -19f - 85?
-224
In base 9, what is 110067 + -2?
110065
In base 6, what is -105302 + -2?
-105304
In base 4, what is 12003 + -1032212?
-1020203
In base 3, what is 12 + -20220221221?
-20220221202
In base 12, what is 31 - a22?
-9b1
In base 7, what is 4 + -1025010?
-1025003
In base 14, what is -d0 + 57aa?
56ba
In base 11, what is 75 - 9815?
-9750
In base 8, what is 32407 - 72?
32315
In base 11, what is -90 - 3628?
-3708
In base 15, what is -4 + b6d7?
b6d3
In base 6, what is 10 + -42040?
-42030
In base 15, what is -3e7 + -cb?
-4c3
In base 13, what is -101 - -176?
75
In base 11, what is 5 - -2725?
272a
In base 10, what is -2 + 3662?
3660
In base 13, what is 2b + -7c?
-51
In base 12, what is -1 - -506a3?
506a2
In base 13, what is 0 + 5401?
5401
In base 3, what is -1100 - -101012101?
101011001
In base 8, what is -35 + 2746?
2711
In base 3, what is 2002212012 + -11?
2002212001
In base 3, what is -11 + -102111211210?
-102111211221
In base 7, what is -1525 - -34?
-1461
In base 11, what is 3a08a + 1?
3a090
In base 11, what is 478 + 3?
480
In base 13, what is -8a7a4 - -3?
-8a7a1
In base 5, what is -33 + 110133?
110100
In base 8, what is 0 + -1543624?
-1543624
In base 10, what is -267 + -22?
-289
In base 4, what is -10 + 132010003?
132003333
In base 13, what is 4 - 6950a?
-69506
In base 13, what is -2057 + 2a0?
-1a87
In base 2, what is 1 - -10001000100?
10001000101
In base 3, what is 2 - 22001101?
-22001022
In base 10, what is 2740706 - 1?
2740705
In base 8, what is -1 + 5402?
5401
In base 14, what is -b002 + -3?
-b005
In base 11, what is -4355 - -1?
-4354
In base 3, what is -102010011202 - -2?
-102010011200
In base 4, what is 2331233 + 33?
2331332
In base 14, what is -2b - -2d?
2
In base 8, what is -1 - 17343?
-17344
In base 12, what is 75b + -20a?
551
In base 11, what is 613 + -23?
5a0
In base 2, what is -101 + 100000001011001101?
100000001011001000
In base 12, what is -642 + -103?
-745
In base 13, what is -2 - 3095?
-3097
In base 3, what is 0 + 2002012010?
2002012010
In base 3, what is 1110 + 20122220?
20201100
In base 8, what is -27 + -5766?
-6015
In base 7, what is -26346 - -325?
-26021
In base 13, what is 38 + -757b?
-7543
In base 13, what is -26 + a02?
9a9
In base 3, what is -1201 - -110210110?
110201202
In base 2, what is 1011111001100110010 - 1?
1011111001100110001
In base 16, what is 2060 - 1?
205f
In base 8, what is 363 - 1511?
-1126
In base 13, what is -284a - -41?
-2809
In base 14, what is -b6 + -cd4?
-daa
In base 13, what is -313 - -c21?
90b
In base 2, what is 1000100010 - 10011?
1000001111
In base 2, what is -1000 - -100111011100101110?
100111011100100110
In base 12, what is 18b + 4?
193
In base 2, what is -1011100011111011 - -101?
-1011100011110110
In base 12, what is -3a977 + -12?
-3a989
In base 12, what is 2764 + 37?
279b
In base 8, what is 10 + -1251012?
-1251002
In base 4, what is -3 - 201000?
-201003
In base 8, what is 23130 + 11?
23141
In base 15, what is 9c7 + -70?
957
In base 14, what is c14 + 72?
c86
In base 4, what is -2233231312 - 1?
-2233231313
In base 14, what is -55a - -27d?
-2bb
In base 15, what is -12 - 4a8e?
-4aa1
In base 15, what is -4b1218 + 1?
-4b1217
In base 14, what is 5 + 1c93a?
1c941
In base 11, what is 4693 - -1?
4694
In base 15, what is c + 215ce?
215db
In base 15, what is ad7c + -23?
ad59
In base 8, what is -34677 - 5?
-34704
In base 2, what is 10000010011101100000 - -1?
10000010011101100001
In base 3, what is 210221000 - -20?
210221020
In base 16, what is 9bb7 - -16?
9bcd
In base 13, what is 23 + -984?
-961
In base 6, what is -3051 - -2201?
-450
In base 12, what is 1aa89 - -5?
1aa92
In base 5, what is -4 - 10211132?
-10211141
In base 9, what is -3136227 + 4?
-3136223
In base 15, what is -5 + -48043?
-48048
In base 9, what is -155875 + -14?
-156000
In base 13, what is 6725 - 23?
6702
In base 12, what is -11b + -31b?
-43a
In base 10, what is 45018 + -4?
45014
In base 5, what is 33 + 1112020?
1112103
In base 14, what is 820d + -35?
81b8
In base 15, what is -5 - 4203?
-4208
In base 4, what is -130113312 + 2?
-130113310
In base 15, what is -24a2a - -5?
-24a25
In base 4, what is 3 + 10231211?
10231220
In base 6, what is 3 - 4211403?
-4211400
In base 5, what is -44410222 + -1?
-44410223
In base 16, what is -3b + -cf0b?
-cf46
In base 4, what is 1112202 - -2?
1112210
In base 4, what is 11 - 1000302332?
-1000302321
In base 15, what is -108 - -13c7?
12be
In base 9, what is 3785 - -1?
3786
In base 4, what is 21102203 + -10?
21102133
In base 5, what is 3133 + 214034?
222222
In base 7, what is -56 + 23304?
23215
In base 16, what is -5 - 5934?
-5939
In base 6, what is 2010 - -4435?
10445
In base 12, what is -205 - 619?
-822
In base 14, what is 14 + 19c1?
19d5
In base 2, what is 10011111110010 + 1?
10011111110011
In base 15, what is -3b1e0 + -4?
-3b1e4
In base 7, what is -1 + -35613?
-35614
In base 6, what is 144 + 2424?
3012
In base 4, what is 2111 - 201?
1310
In base 9, what is 3873 + -3?
3870
In base 9, what is -2184136 - 2?
-2184138
In base 6, what is -4 + 34020?
34012
In base 11, what is 26901 + 1?
26902
In base 16, what is -2a + -26b?
-295
In base 7, what is -150 + 262451?
262301
In base 14, what is 142ad - -b?
142ba
In base 16, what is 19 - -3318?
3331
In base 5, what is -144414 - 24?
-144443
In base 15, what is -8 + 1ab3?
1aaa
In base 5, what is -14322213 - -10?
-14322203
In base 16, what is -1d7e - -1c?
-1d62
In base 6, w